 155 = p, -5*y - 5*d = -6*d - 261. Calculate the remainder when y is divided by 16.
4
Suppose 0*s - s = 3. Let x(h) = h**3 + 2*h**2 - 4*h. What is the remainder when 8 is divided by x(s)?
2
Suppose b - 3 = -5*m, -2*m + 5 = 4*b - 61. Suppose -5*z + 66 = -3*z. Calculate the remainder when z is divided by b.
15
Let j = 12 - -5. Let r = j + -13. What is the remainder when r/(-2)*(-90)/4 is divided by 16?
13
Let o(p) = 6*p + 6. Let h be o(7). Let m = h - 25. What is the remainder when m is divided by 14?
9
Let r(z) = 4*z**2 + 4*z + 7. What is the remainder when 58 is divided by r(-2)?
13
Suppose 341 = 3*l - d, -5*d = -4*l + 361 + 112. Calculate the remainder when l is divided by 18.
4
Let o = -128 - -155. Suppose -153 = -6*a - o. What is the remainder when a is divided by 1?
0
Let l(b) = -50*b - 90. Calculate the remainder when 236 is divided by l(-2).
6
Suppose -3*l - 759 = -3*q, 4*q - 1010 = -5*l + 10*l. What is the remainder when q is divided by 43?
40
Let b = -425 + 459. Calculate the remainder when 179 is divided by b.
9
Let v = -1067 + 1171. What is the remainder when v is divided by 25?
4
Let o(b) = -b**2 - 20*b - 14. Let h = -4 + -15. What is the remainder when 21 is divided by o(h)?
1
Suppose -18*t + 4 = -19*t, -3*t + 93 = 5*b. Calculate the remainder when 40 is divided by b.
19
Let k(i) = -i + 8. Let y be k(5). Let t be (29 - -6) + -1 + -3 + 1. Suppose -16 = -y*h + t. Calculate the remainder when 31 is divided by h.
15
Suppose 15 = 7*q - 4*q. Let i = 12 + q. Suppose 5*y + 2*s - 246 = 0, 3*s - 7*s = y - 42. Calculate the remainder when y is divided by i.
16
Suppose 0 = -5*y + 8*y - 1119. Calculate the remainder when y is divided by 27.
22
Suppose 0 = -x + 4*h + 32, -4*x + 2*h = -0*x - 100. What is the remainder when 141 is divided by x?
21
Let y(t) be the first derivative of -t**4/4 + t**3 + 3*t**2/2 + 2. Let n be 4/24*3*4. What is the remainder when 29 is divided by y(n)?
9
Let a(m) = 3*m + 14*m**2 - 3 - 4*m - m - m**2. Calculate the remainder when 119 is divided by a(-1).
11
Let c(u) = 4*u**2 + u - 2. Let a = 256 + -76. Let n = a - 57. What is the remainder when n is divided by c(-3)?
30
Let o be (-3)/((-1)/(-2)*4)*-2. Let r(n) = -n**2 + 10*n - 7. Calculate the remainder when 21 is divided by r(o).
7
Let u = -73 + 137. Let m(w) = 6*w + 8. Let i be m(4). Suppose 3*z - i = u. Calculate the remainder when 126 is divided by z.
30
Suppose 11 - 126 = -2*v - 5*b, 3*v + 2*b = 145. Let a(y) = 13*y**2 - y + 1. Let u be a(1). What is the remainder when v is divided by u*1 + (-2 - -1)?
9
Suppose -2*k + 4*n - 5*n = -252, 5*n = -10. What is the remainder when k is divided by 660/30*(-3)/(-2)?
28
Let s(x) = 11*x - 10*x + 20 + 1. Calculate the remainder when 88 is divided by s(9).
28
Let j = -2610 - -2818. What is the remainder when j is divided by 70?
68
Let u(v) = -v**3 - 12*v**2 + 27*v - 6. What is the remainder when (1 + (-28)/(-1))*1 is divided by u(-14)?
5
Let p be (-6)/(-3) + (-1 - -4). Suppose -2*x = -p*g + 399, -g + x = 3*g - 321. Let w(b) = 2*b + 5. What is the remainder when g is divided by w(8)?
18
Let h = -218 - -309. Calculate the remainder when h is divided by 23.
22
Suppose 0 = 3*n + 10*n - 169. Calculate the remainder when 140 is divided by n.
10
Let k(m) = 3*m**3 - 18*m**2 + 18*m + 30. Calculate the remainder when k(8) is divided by 2.
0
What is the remainder when (-12)/(-8)*12/(-9) - -140 is divided by 35?
33
Let x be (-3)/9 - (-1360)/(-15). Let h = x + 185. Suppose -39 = 5*m - h. What is the remainder when 31 is divided by m?
9
Let c(k) = -11*k + 2. Let g(b) = -10*b + 1. Let m(y) = 4*c(y) - 5*g(y). What is the remainder when m(0) is divided by 3?
0
Let u(m) = -m + 4. Suppose 5*o = -2*q - 12, -3*q = -5*o - 2*q - 24. Let l be u(o). Suppose 2*c - 2 = l. What is the remainder when 19 is divided by c?
4
Suppose 3*t + g = -t + 130, -3*t = 4*g - 91. What is the remainder when t is divided by 22?
11
Let h(q) = 2*q**2 + 50*q - 269. What is the remainder when 121 is divided by h(5)?
28
Let t(u) = -3*u - 3 + 2 + 3 + 4. What is the remainder when 29 is divided by t(-3)?
14
Let z = 149 + -144. What is the remainder when 16 is divided by z?
1
Let l = 79 - -67. Suppose 4*m = l + 166. What is the remainder when m is divided by 27?
24
Let q be (-6)/(-10) - 24/(-10). Suppose -5*b - 2*o + 22 = 0, 0 = -q*b + 2*b + 5*o - 1. What is the remainder when 14 is divided by b?
2
Let f(d) = -5*d + 25. Let j be f(4). Suppose 5*n = 2*y - 0*n - 3, 3*n = j*y - 55. Calculate the remainder when 23 is divided by y.
9
Let d = -5 - -9. Suppose d*t - 2*w - 86 = 0, 2*t - 24 = 4*w + 34. Calculate the remainder when t is divided by 7.
5
Suppose 0 = w + 5*w - 90. What is the remainder when 43 is divided by w?
13
Suppose 6*q + 3*l = q + 107, l = q - 23. Calculate the remainder when 38 is divided by -1 + q/6*3.
8
Let u(r) = r**2 + 3*r + 11. Let a = 38 - 41. What is the remainder when u(a) is divided by 5?
1
Suppose 0 = y - 17 + 6. Calculate the remainder when -1 + 32 - (38 - 38) is divided by y.
9
Let p(z) = 5*z**2 - 7*z + 13. Calculate the remainder when 32 is divided by p(2).
13
Suppose 0 = 3*k + 5*d - 48 + 54, 2*k + d = 10. Let n(b) = -2*b**3 - 2*b**2 + 2*b - 1. What is the remainder when n(-3) is divided by k?
5
Let z(i) = 2*i - 3. Let o = -7 + 15. Suppose -4*s = o, 10 = 5*b + 3*s - 44. Calculate the remainder when b is divided by z(4).
2
Let i = -97 - -140. Suppose 14 = -m + i. Calculate the remainder when m is divided by 11.
7
Let u(b) = 4*b + 62. What is the remainder when 134 is divided by u(-4)?
42
Let c = 26 + -17. Let t be 8/(-5)*15/(-6). Suppose t*p + 27 = v, -v + 0*p + 2*p = -35. What is the remainder when v is divided by c?
7
Suppose 2*n - n - 3 = 0. Suppose -4*x = 5*f - 6*f + 20, -5*x = -5*f + 40. Suppose 0*d = f*d - 16. What is the remainder when d is divided by n?
1
Let w be -2 - (-6)/(18/15). Suppose 198 = 3*f + c, 275 = 4*f + w*c + 2*c. What is the remainder when f is divided by 22?
21
Suppose 31 = y + 2*l, -2*y + 3*l = -6*y + 114. Suppose 0 = -26*j + 3170 - 388. Calculate the remainder when j is divided by y.
26
Suppose 0 = 8*i - 12*i - 252. Let f = i - -68. What is the remainder when 29 is divided by f?
4
Let h = -17 - -22. Suppose 30 = -2*p - h*j, 0 = -p + 2*j - 0*j + 3. What is the remainder when 1*36 + 5 + p is divided by 13?
10
Suppose 2*j - 35 = j. Suppose a = 4*q + 5 - 12, 0 = -3*a - 3*q + 24. Suppose 3*m - 45 = -z - 2*z, a*m = -z + 55. What is the remainder when j is divided by m?
5
Let g(x) = -3*x + 105. Calculate the remainder when 34 is divided by g(29).
16
Let i be (-15)/(-5) + (-110 - -3). Let b = -73 - i. Calculate the remainder when 91 is divided by b.
29
Let b(x) = x**3 - 12*x**2 - 11*x - 19. Let h be 2 + 1*44/4. Let u(z) = -z**2 - 10*z - 6. Calculate the remainder when u(-4) is divided by b(h).
4
Let m be 0*(-6)/(-23 + 5). Suppose 5*r - 31 = -4*b, b + b + r - 17 = m. Suppose 0 = 3*x + x - 12. Calculate the remainder when b is divided by x.
0
Suppose -c = -2*i + 169, 4*c - 71 = -2*i + 73. Calculate the remainder when i is divided by 4/6 + 170/15.
10
Suppose 2*t + u + 3 = -26, -3*t = -3*u + 21. Let l(i) = -i**2 - 12*i - 27. Let x be l(-13). What is the remainder when 8/t - x/6 is divided by 4?
2
Suppose -45 = 2*j + 11. What is the remainder when (j/5)/(2/(-10)) is divided by 6?
4
Suppose 0 = -9*t + 2*t - 315. Let v = 53 + t. Calculate the remainder when 22 is divided by v.
6
Let f(v) = -v**3 - 7*v**2 - 10. Let b be f(-9). Suppose -118 = 9*x - 11*x - 4*g, 3*x + g = b. Calculate the remainder when x is divided by 29.
20
Let u be (-14)/(-3)*33/22. What is the remainder when 10 is divided by (2 - (-11)/(-4))*(u + -15)?
4
Let k(s) = s**3 + 7*s**2 + 6*s - 4. Suppose 0 = -v - v + 10. Suppose v*x - 73 = -2*n, 0*x = -5*n - 4*x + 157. What is the remainder when n is divided by k(-5)?
13
Suppose 41*v + 5*v - 736 = 0. What is the remainder when v is divided by 9?
7
Suppose 7*t - 237 = 15. What is the remainder when t is divided by 32?
4
Let o be (-21)/(-35) + (-261)/(-15). Let m = -4 + o. What is the remainder when 27 is divided by m?
13
Let j(q) = -q**3 - 10*q**2 + 3*q - 4. Let v be j(-11). Suppose 3*d - v = -2*m + 50, 3*d + m = 133. What is the remainder when d is divided by 17?
10
Suppose 3*j = -52*j + 1375. Calculate the remainder when 547 is div